{"id":17857,"date":"2024-11-15T11:57:57","date_gmt":"2024-11-15T10:57:57","guid":{"rendered":"https:\/\/www.annazalewska.pl\/nowa2\/?page_id=17857"},"modified":"2024-11-15T15:29:58","modified_gmt":"2024-11-15T14:29:58","slug":"ekr","status":"publish","type":"page","link":"https:\/\/www.annazalewska.pl\/nowa2\/ekr\/","title":{"rendered":"Europejscy Konserwaty\u015bci i Reformatorzy"},"content":{"rendered":"\t\t<div data-elementor-type=\"wp-page\" data-elementor-id=\"17857\" class=\"elementor elementor-17857\">\n\t\t\t\t<div class=\"elementor-element elementor-element-d6f9774 e-flex e-con-boxed e-con e-parent\" data-id=\"d6f9774\" data-element_type=\"container\">\n\t\t\t\t\t<div class=\"e-con-inner\">\n\t\t\t\t<div class=\"elementor-element elementor-element-aaf06fe elementor-widget elementor-widget-heading\" data-id=\"aaf06fe\" data-element_type=\"widget\" data-widget_type=\"heading.default\">\n\t\t\t\t<div class=\"elementor-widget-container\">\n\t\t\t\t\t<h2 class=\"elementor-heading-title elementor-size-default\">Europejscy Konserwaty\u015bci i Reformatorzy\n\n<\/h2>\t\t\t\t<\/div>\n\t\t\t\t<\/div>\n\t\t\t\t\t<\/div>\n\t\t\t\t<\/div>\n\t\t<div class=\"elementor-element elementor-element-2a7a68f e-flex e-con-boxed e-con e-parent\" data-id=\"2a7a68f\" data-element_type=\"container\">\n\t\t\t\t\t<div class=\"e-con-inner\">\n\t\t\t\t<div class=\"elementor-element elementor-element-5b11f28 elementor-widget elementor-widget-image\" data-id=\"5b11f28\" data-element_type=\"widget\" data-widget_type=\"image.default\">\n\t\t\t\t<div class=\"elementor-widget-container\">\n\t\t\t\t\t\t\t\t\t\t\t\t\t\t\t<img fetchpriority=\"high\" decoding=\"async\" width=\"1024\" height=\"407\" src=\"https:\/\/www.annazalewska.pl\/nowa2\/wp-content\/uploads\/2024\/11\/ekr2-1024x407.png\" class=\"attachment-large size-large wp-image-17860\" alt=\"\" srcset=\"https:\/\/www.annazalewska.pl\/nowa2\/wp-content\/uploads\/2024\/11\/ekr2-1024x407.png 1024w, https:\/\/www.annazalewska.pl\/nowa2\/wp-content\/uploads\/2024\/11\/ekr2-300x119.png 300w, https:\/\/www.annazalewska.pl\/nowa2\/wp-content\/uploads\/2024\/11\/ekr2-768x305.png 768w, https:\/\/www.annazalewska.pl\/nowa2\/wp-content\/uploads\/2024\/11\/ekr2-1536x611.png 1536w, https:\/\/www.annazalewska.pl\/nowa2\/wp-content\/uploads\/2024\/11\/ekr2-2048x814.png 2048w\" sizes=\"(max-width: 1024px) 100vw, 1024px\" \/>\t\t\t\t\t\t\t\t\t\t\t\t\t\t\t<\/div>\n\t\t\t\t<\/div>\n\t\t\t\t\t<\/div>\n\t\t\t\t<\/div>\n\t\t<div class=\"elementor-element elementor-element-440c1cd e-flex e-con-boxed e-con e-parent\" data-id=\"440c1cd\" data-element_type=\"container\">\n\t\t\t\t\t<div class=\"e-con-inner\">\n\t\t\t\t<div class=\"elementor-element elementor-element-8e5e0fd elementor-widget elementor-widget-text-editor\" data-id=\"8e5e0fd\" data-element_type=\"widget\" data-widget_type=\"text-editor.default\">\n\t\t\t\t<div class=\"elementor-widget-container\">\n\t\t\t\t\t\t\t\t\t<p style=\"text-align: justify;\">Grupy polityczne w Parlamencie Europejskim skupiaj\u0105 europarlamentarzyst\u00f3w z r\u00f3\u017cnych pa\u0144stw cz\u0142onkowskich, kt\u00f3rych \u0142\u0105czy wsp\u00f3lna wizja Unii Europejskiej. Ide\u0105, kt\u00f3ra przy\u015bwieca\u0142a nam blisko dekad\u0119 temu, kiedy decydowali\u015bmy o powstaniu Grupy Europejskich Konserwatyst\u00f3w i Reformator\u00f3w (EKR), by\u0142o rozwijanie Unii szanuj\u0105cej interesy narodowe i warto\u015bci, kt\u00f3re le\u017c\u0105 u jej podstaw.<\/p><p style=\"text-align: justify;\">I tak jest do dzisiaj. Dla dobra Wsp\u00f3lnoty, w Parlamencie Europejskim jak nigdy potrzebna jest obecnie silna alternatywa dla dominuj\u0105cego nurtu federalistycznego reprezentowanego przez najwi\u0119ksze grupy polityczne.<\/p><p style=\"text-align: justify;\">Nasza koncepcja przysz\u0142ej Unii uzyskuje coraz szersze poparcie w Europie. EKR jest obecnie trzecim najwi\u0119kszym ugrupowaniem w Parlamencie Europejskim.<\/p><p style=\"text-align: justify;\">Konsekwentnie d\u0105\u017cymy do tego, aby reformowa\u0107 UE kieruj\u0105c si\u0119 zasad\u0105 eurorealizmu, przy jednoczesnym poszanowaniu suwerenno\u015bci pa\u0144stw cz\u0142onkowskich.<\/p>\t\t\t\t\t\t\t\t<\/div>\n\t\t\t\t<\/div>\n\t\t\t\t\t<\/div>\n\t\t\t\t<\/div>\n\t\t<div class=\"elementor-element elementor-element-7f17fbd e-flex e-con-boxed e-con e-parent\" data-id=\"7f17fbd\" data-element_type=\"container\">\n\t\t\t\t\t<div class=\"e-con-inner\">\n\t\t<div class=\"elementor-element elementor-element-863aa6c e-con-full e-flex e-con e-child\" data-id=\"863aa6c\" data-element_type=\"container\">\n\t\t\t\t<div class=\"elementor-element elementor-element-e6e23cb elementor-widget elementor-widget-text-editor\" data-id=\"e6e23cb\" data-element_type=\"widget\" data-widget_type=\"text-editor.default\">\n\t\t\t\t<div class=\"elementor-widget-container\">\n\t\t\t\t\t\t\t\t\t<center><h4><em>\u201eEuropa potrzebuje zmiany, nadszed\u0142 czas, aby poprowadzi\u0107 UE w nowym kierunku.<\/em><\/h4>\n<h4><em>Czerpi\u0105c z do\u015bwiadcze\u0144, musimy stawi\u0107 czo\u0142a obecnym\u00a0<\/em><em>i przysz\u0142ym wyzwaniom, kt\u00f3re stoj\u0105 przed nami.\u201d<\/em><\/h4><\/center>\t\t\t\t\t\t\t\t<\/div>\n\t\t\t\t<\/div>\n\t\t\t\t<\/div>\n\t\t<div class=\"elementor-element elementor-element-fdea780 e-con-full e-flex e-con e-child\" data-id=\"fdea780\" data-element_type=\"container\">\n\t\t\t\t<div class=\"elementor-element elementor-element-a7ebe1b elementor-widget elementor-widget-video\" data-id=\"a7ebe1b\" data-element_type=\"widget\" data-settings=\"{&quot;youtube_url&quot;:&quot;https:\\\/\\\/www.youtube.com\\\/watch?v=vglp6sWOpbk&quot;,&quot;video_type&quot;:&quot;youtube&quot;,&quot;controls&quot;:&quot;yes&quot;}\" data-widget_type=\"video.default\">\n\t\t\t\t<div class=\"elementor-widget-container\">\n\t\t\t\t\t\t\t<div class=\"elementor-wrapper elementor-open-inline\">\n\t\t\t<div class=\"elementor-video\"><\/div>\t\t<\/div>\n\t\t\t\t\t\t<\/div>\n\t\t\t\t<\/div>\n\t\t\t\t<\/div>\n\t\t\t\t\t<\/div>\n\t\t\t\t<\/div>\n\t\t<div class=\"elementor-element elementor-element-ee6646d e-flex e-con-boxed e-con e-parent\" data-id=\"ee6646d\" data-element_type=\"container\">\n\t\t\t\t\t<div class=\"e-con-inner\">\n\t\t\t\t<div class=\"elementor-element elementor-element-0834efd elementor-widget elementor-widget-text-editor\" data-id=\"0834efd\" data-element_type=\"widget\" data-widget_type=\"text-editor.default\">\n\t\t\t\t<div class=\"elementor-widget-container\">\n\t\t\t\t\t\t\t\t\t<h4>Je\u015bli chcesz dowiedzie\u0107 si\u0119 wi\u0119cej, zobacz stron\u0119 Europejskich Konserwatyst\u00f3w i Reformator\u00f3w:<\/h4><h4><a role=\"link\" href=\"http:\/\/grupaekr.pl\/pl\/\" target=\"_blank\" rel=\"external noopener noreferrer\" data-wpel-link=\"external\">www.grupaekr.pl<\/a><\/h4>\t\t\t\t\t\t\t\t<\/div>\n\t\t\t\t<\/div>\n\t\t\t\t<div class=\"elementor-element elementor-element-780ec0e elementor-widget elementor-widget-spacer\" data-id=\"780ec0e\" data-element_type=\"widget\" data-widget_type=\"spacer.default\">\n\t\t\t\t<div class=\"elementor-widget-container\">\n\t\t\t\t\t\t\t<div class=\"elementor-spacer\">\n\t\t\t<div class=\"elementor-spacer-inner\"><\/div>\n\t\t<\/div>\n\t\t\t\t\t\t<\/div>\n\t\t\t\t<\/div>\n\t\t\t\t\t<\/div>\n\t\t\t\t<\/div>\n\t\t\t\t<\/div>\n\t\t","protected":false},"excerpt":{"rendered":"<p>Europejscy Konserwaty\u015bci i Reformatorzy Grupy polityczne w Parlamencie Europejskim skupiaj\u0105 europarlamentarzyst\u00f3w z r\u00f3\u017cnych pa\u0144stw cz\u0142onkowskich, kt\u00f3rych \u0142\u0105czy wsp\u00f3lna wizja Unii Europejskiej. Ide\u0105, kt\u00f3ra przy\u015bwieca\u0142a nam blisko dekad\u0119 temu, kiedy decydowali\u015bmy o powstaniu Grupy Europejskich Konserwatyst\u00f3w i Reformator\u00f3w (EKR), by\u0142o rozwijanie Unii szanuj\u0105cej interesy narodowe i warto\u015bci, kt\u00f3re le\u017c\u0105 u jej podstaw. I tak jest do [&hellip;]<\/p>\n","protected":false},"author":1,"featured_media":0,"parent":0,"menu_order":0,"comment_status":"closed","ping_status":"closed","template":"page-templates\/home.php","meta":{"_acf_changed":false,"_monsterinsights_skip_tracking":false,"_monsterinsights_sitenote_active":false,"_monsterinsights_sitenote_note":"","_monsterinsights_sitenote_category":0,"footnotes":""},"class_list":["post-17857","page","type-page","status-publish","hentry"],"acf":[],"_links":{"self":[{"href":"https:\/\/www.annazalewska.pl\/nowa2\/wp-json\/wp\/v2\/pages\/17857","targetHints":{"allow":["GET"]}}],"collection":[{"href":"https:\/\/www.annazalewska.pl\/nowa2\/wp-json\/wp\/v2\/pages"}],"about":[{"href":"https:\/\/www.annazalewska.pl\/nowa2\/wp-json\/wp\/v2\/types\/page"}],"author":[{"embeddable":true,"href":"https:\/\/www.annazalewska.pl\/nowa2\/wp-json\/wp\/v2\/users\/1"}],"replies":[{"embeddable":true,"href":"https:\/\/www.annazalewska.pl\/nowa2\/wp-json\/wp\/v2\/comments?post=17857"}],"version-history":[{"count":10,"href":"https:\/\/www.annazalewska.pl\/nowa2\/wp-json\/wp\/v2\/pages\/17857\/revisions"}],"predecessor-version":[{"id":17949,"href":"https:\/\/www.annazalewska.pl\/nowa2\/wp-json\/wp\/v2\/pages\/17857\/revisions\/17949"}],"wp:attachment":[{"href":"https:\/\/www.annazalewska.pl\/nowa2\/wp-json\/wp\/v2\/media?parent=17857"}],"curies":[{"name":"wp","href":"https:\/\/api.w.org\/{rel}","templated":true}]}}